{"id":29,"date":"2018-08-08T13:46:41","date_gmt":"2018-08-08T12:46:41","guid":{"rendered":"http:\/\/www.callegherph.com\/site\/?page_id=29"},"modified":"2023-10-25T19:14:27","modified_gmt":"2023-10-25T18:14:27","slug":"chi-sono","status":"publish","type":"page","link":"https:\/\/www.callegherph.com\/site\/chi-sono\/","title":{"rendered":"Chi sono"},"content":{"rendered":"<div  class=\"one withsmallpadding ppb_content_half_bg withbg \" style=\"background-image:url(https:\/\/www.callegherph.com\/site\/wp-content\/uploads\/foto-io.jpg);background-position: center top;padding:120px 0 120px 0;\" >\n<div class=\"standard_wrapper\">\n<div class=\"page_content_wrapper\">\n<div class=\"inner\">\n<div class=\"one_half_bg\" style=\"background:#ffffff;background:rgb(255,255,255,0.75);background:rgba(255,255,255,0.75);color:#000000;\">\n<h2 class=\"ppb_title\" style=\"color:#000000;\">Marco Callegher<\/h2>\n<hr class=\"title_break left\" style=\"border-color:#000000;\"\/>\n<p>Ho iniziato a fotografare diversi anni fa, un po&#8217; come molti appassionati per ricordare un momento vissuto. Ecco, credo che il mio stile parta proprio da qui e, unito alla passione sviluppata nel corso degli anni per la montagna, mi ha portato alla ricerca di particolari legati soprattutto alla natura, che amo moltissimo, dove \u00e8 la luce a comandare e le stagioni mutano il paesaggio.<br \/>\nIl mio stile fotografico si concentra sul paesaggio, sulle vette, sui laghi, sui torrenti, ma anche il mare non pu\u00f2 di certo rimanere escluso.<br \/>\nLe Dolomiti offrono sempre qualcosa e quel qualcosa \u00e8 l\u00ec davanti ai tuoi occhi, basta saperlo cogliere! Non ho pretese da professionista e, dopo i primi scatti alle Dolomiti pi\u00f9 note, la mia concentrazione si \u00e8 spostata a quelle zone di montagna meno conosciute. Ed \u00e8 proprio nella Val Zoldana e nell&#8217;Alpago, che ho trovato il mio habitat ideale e quel senso di pace e solitudine che cercavo da tempo.<\/p>\n<p>Cosa cerco quando fotografo? Ci\u00f2 che la natura presenta ai miei occhi, e da questo il mio motto &#8220;The Beauty in my Eyes&#8221;.<\/p>\n<p>Albert Camus diceva &#8220;L\u2019autunno \u00e8 una seconda primavera, quando ogni foglia \u00e8 un fiore&#8221;. Per questo tra tutte le stagioni prediligo in assoluto l&#8217;autunno. <\/p>\n<\/div>\n<\/div>\n<\/div>\n<\/div>\n<\/div>\n<div class=\"divider one\">&nbsp;<\/div>\n<div  class=\"one\">\n<div id=\"16982576671359781655\" data-rows=\"1\" class=\"gallery_gridrotator ri-grid ri-grid-size-3\">\n<ul>\n<li><a href=\"#\"><img decoding=\"async\" src=\"https:\/\/www.callegherph.com\/site\/wp-content\/uploads\/2018\/08\/MG_5498-150x150.jpg\" alt=\"\"\/><\/a><\/li>\n<li><a href=\"#\"><img decoding=\"async\" src=\"https:\/\/www.callegherph.com\/site\/wp-content\/uploads\/00487-17-1-150x150.jpg\" alt=\"\"\/><\/a><\/li>\n<li><a href=\"#\"><img decoding=\"async\" src=\"https:\/\/www.callegherph.com\/site\/wp-content\/uploads\/00084-17-150x150.jpg\" alt=\"\"\/><\/a><\/li>\n<li><a href=\"#\"><img decoding=\"async\" src=\"https:\/\/www.callegherph.com\/site\/wp-content\/uploads\/MG_5033-Modifica-Modifica-150x150.jpg\" alt=\"\"\/><\/a><\/li>\n<li><a href=\"#\"><img decoding=\"async\" src=\"https:\/\/www.callegherph.com\/site\/wp-content\/uploads\/MG_5477-Modifica-1-150x150.jpg\" alt=\"\"\/><\/a><\/li>\n<li><a href=\"#\"><img decoding=\"async\" src=\"https:\/\/www.callegherph.com\/site\/wp-content\/uploads\/00383-14-Modifica-Modifica-150x150.jpg\" alt=\"\"\/><\/a><\/li>\n<li><a href=\"#\"><img decoding=\"async\" src=\"https:\/\/www.callegherph.com\/site\/wp-content\/uploads\/00721-15-150x150.jpg\" alt=\"\"\/><\/a><\/li>\n<li><a href=\"#\"><img decoding=\"async\" src=\"https:\/\/www.callegherph.com\/site\/wp-content\/uploads\/01144-16-Modifica-150x150.jpg\" alt=\"\"\/><\/a><\/li>\n<li><a href=\"#\"><img decoding=\"async\" src=\"https:\/\/www.callegherph.com\/site\/wp-content\/uploads\/01140-16-Modifica-150x150.jpg\" alt=\"\"\/><\/a><\/li>\n<li><a href=\"#\"><img decoding=\"async\" src=\"https:\/\/www.callegherph.com\/site\/wp-content\/uploads\/01274-14-Modifica-150x150.jpg\" alt=\"\"\/><\/a><\/li>\n<li><a href=\"#\"><img decoding=\"async\" src=\"https:\/\/www.callegherph.com\/site\/wp-content\/uploads\/00314-14-Modifica-150x150.jpg\" alt=\"\"\/><\/a><\/li>\n<li><a href=\"#\"><img decoding=\"async\" src=\"https:\/\/www.callegherph.com\/site\/wp-content\/uploads\/00499-15-Modifica-150x150.jpg\" alt=\"\"\/><\/a><\/li>\n<li><a href=\"#\"><img decoding=\"async\" src=\"https:\/\/www.callegherph.com\/site\/wp-content\/uploads\/00553-15-Modifica-Modifica-150x150.jpg\" alt=\"\"\/><\/a><\/li>\n<li><a href=\"#\"><img decoding=\"async\" src=\"https:\/\/www.callegherph.com\/site\/wp-content\/uploads\/00256-15-150x150.jpg\" alt=\"\"\/><\/a><\/li>\n<li><a href=\"#\"><img decoding=\"async\" src=\"https:\/\/www.callegherph.com\/site\/wp-content\/uploads\/00528-15-Modifica-150x150.jpg\" alt=\"\"\/><\/a><\/li>\n<li><a href=\"#\"><img decoding=\"async\" src=\"https:\/\/www.callegherph.com\/site\/wp-content\/uploads\/00001-15-Modifica-150x150.jpg\" alt=\"\"\/><\/a><\/li>\n<li><a href=\"#\"><img decoding=\"async\" src=\"https:\/\/www.callegherph.com\/site\/wp-content\/uploads\/00665-15-Modifica-Modifica-Modifica-Modifica-150x150.jpg\" alt=\"\"\/><\/a><\/li>\n<li><a href=\"#\"><img decoding=\"async\" src=\"https:\/\/www.callegherph.com\/site\/wp-content\/uploads\/00752-15-Modifica-150x150.jpg\" alt=\"\"\/><\/a><\/li>\n<li><a href=\"#\"><img decoding=\"async\" src=\"https:\/\/www.callegherph.com\/site\/wp-content\/uploads\/alba-infuocata-Modifica-150x150.jpg\" alt=\"\"\/><\/a><\/li>\n<li><a href=\"#\"><img decoding=\"async\" src=\"https:\/\/www.callegherph.com\/site\/wp-content\/uploads\/01198-16-Modifica-150x150.jpg\" alt=\"\"\/><\/a><\/li>\n<li><a href=\"#\"><img decoding=\"async\" src=\"https:\/\/www.callegherph.com\/site\/wp-content\/uploads\/01035-16-Modifica-150x150.jpg\" alt=\"\"\/><\/a><\/li>\n<li><a href=\"#\"><img decoding=\"async\" src=\"https:\/\/www.callegherph.com\/site\/wp-content\/uploads\/00116-16-150x150.jpg\" alt=\"\"\/><\/a><\/li>\n<li><a href=\"#\"><img decoding=\"async\" src=\"https:\/\/www.callegherph.com\/site\/wp-content\/uploads\/00344-16-Modifica-150x150.jpg\" alt=\"\"\/><\/a><\/li>\n<li><a href=\"#\"><img decoding=\"async\" src=\"https:\/\/www.callegherph.com\/site\/wp-content\/uploads\/00059-16-150x150.jpg\" alt=\"\"\/><\/a><\/li>\n<li><a href=\"#\"><img decoding=\"async\" src=\"https:\/\/www.callegherph.com\/site\/wp-content\/uploads\/00455-17-150x150.jpg\" alt=\"\"\/><\/a><\/li>\n<li><a href=\"#\"><img decoding=\"async\" src=\"https:\/\/www.callegherph.com\/site\/wp-content\/uploads\/01107-16-150x150.jpg\" alt=\"\"\/><\/a><\/li>\n<li><a href=\"#\"><img decoding=\"async\" src=\"https:\/\/www.callegherph.com\/site\/wp-content\/uploads\/01098-16-Modifica-150x150.jpg\" alt=\"\"\/><\/a><\/li>\n<li><a href=\"#\"><img decoding=\"async\" src=\"https:\/\/www.callegherph.com\/site\/wp-content\/uploads\/00448-17-150x150.jpg\" alt=\"\"\/><\/a><\/li>\n<li><a href=\"#\"><img decoding=\"async\" src=\"https:\/\/www.callegherph.com\/site\/wp-content\/uploads\/00063-17-150x150.jpg\" alt=\"\"\/><\/a><\/li>\n<li><a href=\"#\"><img decoding=\"async\" src=\"https:\/\/www.callegherph.com\/site\/wp-content\/uploads\/00040-17-Modifica-150x150.jpg\" alt=\"\"\/><\/a><\/li>\n<li><a href=\"#\"><img decoding=\"async\" src=\"https:\/\/www.callegherph.com\/site\/wp-content\/uploads\/00583-17-150x150.jpg\" alt=\"\"\/><\/a><\/li>\n<li><a href=\"#\"><img decoding=\"async\" src=\"https:\/\/www.callegherph.com\/site\/wp-content\/uploads\/00522-17-150x150.jpg\" alt=\"\"\/><\/a><\/li>\n<li><a href=\"#\"><img decoding=\"async\" src=\"https:\/\/www.callegherph.com\/site\/wp-content\/uploads\/MG_4884-Modifica-1-150x150.jpg\" alt=\"\"\/><\/a><\/li>\n<li><a href=\"#\"><img decoding=\"async\" src=\"https:\/\/www.callegherph.com\/site\/wp-content\/uploads\/00049-17-150x150.jpg\" alt=\"\"\/><\/a><\/li>\n<li><a href=\"#\"><img decoding=\"async\" src=\"https:\/\/www.callegherph.com\/site\/wp-content\/uploads\/00824-14-150x150.jpg\" alt=\"\"\/><\/a><\/li>\n<li><a href=\"#\"><img decoding=\"async\" src=\"https:\/\/www.callegherph.com\/site\/wp-content\/uploads\/MG_6205-150x150.jpg\" alt=\"\"\/><\/a><\/li>\n<li><a href=\"#\"><img decoding=\"async\" src=\"https:\/\/www.callegherph.com\/site\/wp-content\/uploads\/MG_6216-Modifica-2-1-150x150.jpg\" alt=\"\"\/><\/a><\/li>\n<li><a href=\"#\"><img decoding=\"async\" src=\"https:\/\/www.callegherph.com\/site\/wp-content\/uploads\/MG_7630-Modifica-Modifica-Modifica-2-150x150.jpg\" alt=\"\"\/><\/a><\/li>\n<li><a href=\"#\"><img decoding=\"async\" src=\"https:\/\/www.callegherph.com\/site\/wp-content\/uploads\/MG_7679-Modifica-Modifica-150x150.jpg\" alt=\"\"\/><\/a><\/li>\n<li><a href=\"#\"><img decoding=\"async\" src=\"https:\/\/www.callegherph.com\/site\/wp-content\/uploads\/MG_7732-Modifica-150x150.jpg\" alt=\"\"\/><\/a><\/li>\n<li><a href=\"#\"><img decoding=\"async\" src=\"https:\/\/www.callegherph.com\/site\/wp-content\/uploads\/MG_9699-1-150x150.jpg\" alt=\"\"\/><\/a><\/li>\n<li><a href=\"#\"><img decoding=\"async\" src=\"https:\/\/www.callegherph.com\/site\/wp-content\/uploads\/MG_5458-Modifica-2-150x150.jpg\" alt=\"\"\/><\/a><\/li>\n<li><a href=\"#\"><img decoding=\"async\" src=\"https:\/\/www.callegherph.com\/site\/wp-content\/uploads\/MG_1839-150x150.jpg\" alt=\"\"\/><\/a><\/li>\n<li><a href=\"#\"><img decoding=\"async\" src=\"https:\/\/www.callegherph.com\/site\/wp-content\/uploads\/MG_3368-150x150.jpg\" alt=\"\"\/><\/a><\/li>\n<li><a href=\"#\"><img decoding=\"async\" src=\"https:\/\/www.callegherph.com\/site\/wp-content\/uploads\/MG_3385-150x150.jpg\" alt=\"\"\/><\/a><\/li>\n<li><a href=\"#\"><img decoding=\"async\" src=\"https:\/\/www.callegherph.com\/site\/wp-content\/uploads\/MG_3294-150x150.jpg\" alt=\"\"\/><\/a><\/li>\n<li><a href=\"#\"><img decoding=\"async\" src=\"https:\/\/www.callegherph.com\/site\/wp-content\/uploads\/MG_3457-150x150.jpg\" alt=\"\"\/><\/a><\/li>\n<li><a href=\"#\"><img decoding=\"async\" src=\"https:\/\/www.callegherph.com\/site\/wp-content\/uploads\/MG_0947-150x150.jpg\" alt=\"\"\/><\/a><\/li>\n<li><a href=\"#\"><img decoding=\"async\" src=\"https:\/\/www.callegherph.com\/site\/wp-content\/uploads\/MG_0728-150x150.jpg\" alt=\"\"\/><\/a><\/li>\n<li><a href=\"#\"><img decoding=\"async\" src=\"https:\/\/www.callegherph.com\/site\/wp-content\/uploads\/MG_2508-1-150x150.jpg\" alt=\"\"\/><\/a><\/li>\n<li><a href=\"#\"><img decoding=\"async\" src=\"https:\/\/www.callegherph.com\/site\/wp-content\/uploads\/MG_1728-1-150x150.jpg\" alt=\"\"\/><\/a><\/li>\n<li><a href=\"#\"><img decoding=\"async\" src=\"https:\/\/www.callegherph.com\/site\/wp-content\/uploads\/MG_2799-1-150x150.jpg\" alt=\"\"\/><\/a><\/li>\n<li><a href=\"#\"><img decoding=\"async\" src=\"https:\/\/www.callegherph.com\/site\/wp-content\/uploads\/MG_5725-Migliorato-150x150.jpg\" alt=\"\"\/><\/a><\/li>\n<li><a href=\"#\"><img decoding=\"async\" src=\"https:\/\/www.callegherph.com\/site\/wp-content\/uploads\/MG_1260-1-150x150.jpg\" alt=\"\"\/><\/a><\/li>\n<li><a href=\"#\"><img decoding=\"async\" src=\"https:\/\/www.callegherph.com\/site\/wp-content\/uploads\/DSF5004-RAF_DxO_DeepPRIME-150x150.jpg\" alt=\"\"\/><\/a><\/li>\n<li><a href=\"#\"><img decoding=\"async\" src=\"https:\/\/www.callegherph.com\/site\/wp-content\/uploads\/MG_2346-def_18-09-23-150x150.jpg\" alt=\"\"\/><\/a><\/li>\n<li><a href=\"#\"><img decoding=\"async\" src=\"https:\/\/www.callegherph.com\/site\/wp-content\/uploads\/MG_2317-1-150x150.jpg\" alt=\"\"\/><\/a><\/li>\n<li><a href=\"#\"><img decoding=\"async\" src=\"https:\/\/www.callegherph.com\/site\/wp-content\/uploads\/DSF0006-1-150x150.jpg\" alt=\"\"\/><\/a><\/li>\n<li><a href=\"#\"><img decoding=\"async\" src=\"https:\/\/www.callegherph.com\/site\/wp-content\/uploads\/MG_3730-1-150x150.jpg\" alt=\"\"\/><\/a><\/li>\n<\/ul>\n<\/div>\n<\/div>\n","protected":false},"excerpt":{"rendered":"","protected":false},"author":1,"featured_media":0,"parent":0,"menu_order":0,"comment_status":"closed","ping_status":"closed","template":"","meta":{"_monsterinsights_skip_tracking":false,"_monsterinsights_sitenote_active":false,"_monsterinsights_sitenote_note":"","_monsterinsights_sitenote_category":0,"footnotes":""},"class_list":["post-29","page","type-page","status-publish","hentry"],"_links":{"self":[{"href":"https:\/\/www.callegherph.com\/site\/wp-json\/wp\/v2\/pages\/29","targetHints":{"allow":["GET"]}}],"collection":[{"href":"https:\/\/www.callegherph.com\/site\/wp-json\/wp\/v2\/pages"}],"about":[{"href":"https:\/\/www.callegherph.com\/site\/wp-json\/wp\/v2\/types\/page"}],"author":[{"embeddable":true,"href":"https:\/\/www.callegherph.com\/site\/wp-json\/wp\/v2\/users\/1"}],"replies":[{"embeddable":true,"href":"https:\/\/www.callegherph.com\/site\/wp-json\/wp\/v2\/comments?post=29"}],"version-history":[{"count":23,"href":"https:\/\/www.callegherph.com\/site\/wp-json\/wp\/v2\/pages\/29\/revisions"}],"predecessor-version":[{"id":1600,"href":"https:\/\/www.callegherph.com\/site\/wp-json\/wp\/v2\/pages\/29\/revisions\/1600"}],"wp:attachment":[{"href":"https:\/\/www.callegherph.com\/site\/wp-json\/wp\/v2\/media?parent=29"}],"curies":[{"name":"wp","href":"https:\/\/api.w.org\/{rel}","templated":true}]}}